.
1010011100001100
What is -6392296 (base 11) in base 8?
-52717301
3048304 (base 9) to base 12
66541a
-320629 (base 15) to base 5
-1102141024
Convert 1310102303 (base 4) to base 13.
138a76
Convert 10320110001 (base 4) to base 15.
1a4073
What is 11020203232 (base 5) in base 11?
6785989
What is -3032231321 (base 4) in base 9?
-1530422
224210020 (base 6) to base 2
1111101110011111011100
223ab (base 13) to base 10
62164
-44352314 (base 7) to base 13
-a40516
What is 189c440 (base 13) in base 6?
445113222
-15679 (base 14) to base 3
-2201021111
What is -10122021112 (base 3) in base 4?
-101133131
Convert 11000100100000111111101 (base 2) to base 13.
1446011
Convert cabae5 (base 15) to base 3.
200011200202022
Convert -19335 (base 11) to base 7.
-141531
Convert 17391b (base 12) to base 10.
400487
What is -1151707 (base 8) in base 12?
-1330b3
What is -1201300 (base 7) in base 14?
-3d437
What is 2a2017 (base 13) in base 14?
1cc45c
What is 152510335 (base 6) in base 7?
36211046
Convert -1000001110110111100110 (base 2) to base 7.
-24225463
-56631a (base 11) to base 9
-1623524
Convert -1011012210000010 (base 3) to base 2.
-111111010001111001101110
4078364 (base 9) to base 4
20103230200
Convert bb5ec8 (base 16) to base 4.
232311323020
What is 1000010110010001110000 (base 2) in base 8?
10262160
Convert -bf42 (base 16) to base 11.
-33871
-765753 (base 8) to base 6
-5301455
What is -569b6 (base 12) in base 6?
-2250350
Convert 1010101010111110 (base 2) to base 16.
aabe
12840 (base 11) to base 4
10132023
Convert -c85c0 (base 13) to base 5.
-43030214
Convert 352064 (base 7) to base 8.
173266
-84b47b (base 15) to base 10
-6315641
Convert 11000010100110010001111 (base 2) to base 9.
12888031
Convert -1640581 (base 9) to base 16.
-dec49
Convert -5b782 (base 13) to base 9.
-275726
Convert 131c831 (base 13) to base 6.
332311525
What is -118747 (base 10) in base 15?
-252b7
Convert -91647 (base 10) to base 2.
-10110010111111111
Convert 1100211011 (base 3) to base 12.
1364a
55afc (base 16) to base 13
c399b
What is -266354 (base 13) in base 8?
-3423736
What is -111111011010001000110 (base 2) in base 16?
-1fb446
What is -25127 (base 9) in base 8?
-40751
156120 (base 7) to base 4
13203111
110010111010001101010 (base 2) to base 13
465403
Convert 2022021012 (base 3) to base 16.
b150
14325142 (base 6) to base 16
78836
2bc5a (base 15) to base 5
14004120
Convert -25121523 (base 6) to base 10.
-803931
What is 208573 (base 12) in base 8?
1750447
Convert 5a732 (base 11) to base 10.
87397
What is -24742a (base 12) in base 13?
-17a097
What is e03c5 (base 15) in base 4?
2231033222
116492 (base 10) to base 15
247b2
5aba6 (base 16) to base 11
234229
Convert -101232234 (base 7) to base 11.
-3386934
What is 4350224 (base 7) in base 16?
82292
-112419 (base 11) to base 7
-1343311
-9441548 (base 10) to base 5
-4404112143
What is -232b4c (base 13) in base 15?
-117441
What is 86018 (base 10) in base 16?
15002
-8676 (base 11) to base 10
-11457
Convert -3013011130 (base 4) to base 10.
-815452
What is -1c24672 (base 14) in base 10?
-14072508
-120aa69 (base 11) to base 9
-3862878
Convert -5032150 (base 6) to base 13.
-84240
Convert -2adbc (base 14) to base 2.
-11010000111101010
What is -5ce78b (base 15) in base 7?
-52565321
406518 (base 14) to base 11
1251472
-1100000110101111111 (base 2) to base 13
-10b722
What is 153131503 (base 6) in base 13?
891a38
What is 10401222213 (base 5) in base 6?
1043145302
Convert -1000022022220 (base 3) to base 10.
-537513
What is -1565352 (base 7) in base 4?
-311032011
-15003232 (base 6) to base 13
-14cc21
7ad301 (base 14) to base 4
33331301211
Convert 95586 (base 11) to base 2.
100001111101110011
What is -213401400 (base 5) in base 12?
-383993
Convert 2022344 (base 6) to base 16.
178d8
Convert -11000101100001100000 (base 2) to base 7.
-6606523
Convert 422e9 (base 16) to base 4.
1002023221
What is 5a0a12 (base 12) in base 7?
15231035
254110153 (base 6) to base 11
2884582
Convert -27601385 (base 9) to base 15.
-12e6d48
What is -10202100111202 (base 3) in base 4?
-13213002203
2b96bf (base 16) to base 10
2856639
What is 503467 (base 12) in base 3?
2100111200021
Convert -439113 (base 11) to base 4.
-2222331101
Convert 7398774 (base 10) to base 15.
9b2369
-661258 (base 10) to base 7
-5422603
3045316 (base 7) to base 4
1120332022
What is 7615525 (base 9) in base 12?
145001b
376200 (base 9) to base 6
4513430
-66382 (base 12) to base 16
-21092
Convert -10020022100 (base 4) to base 11.
-679a17
What is 1b504 (base 12) in base 13?
1555c
Convert -80501b (base 12) to base 10.
-1999319
Convert -1100022121 (base 3) to base 10.
-26476
What is 3212213012 (base 4) in base 11?
595751
626523 (base 10) to base 8
2307533
3a58c (base 16) to base 13
84a19
134911 (base 11) to base 7
1540216
Convert -96fbd (base 16) to base 7.
-5154000
What is -4c20b3 (base 14) in base 5?
-1132233213
-15011 (base 11) to base 6
-242352
-67ab8 (base 16) to base 5
-102042012
What is 5d008 (base 16) in base 10?
380936
27c8ca (base 13) to base 4
3230322123
-110110101111101101 (base 2) to base 14
-5ba0d
16334a (base 12) to base 15
77417
Convert 100000111010110001 (base 2) to base 16.
20eb1
Convert -383653 (base 16) to base 6.
-210543111
Convert 1a30298 (base 12) to base 9.
11368188
Convert -25422104 (base 7) to base 11.
-1337123
-704715 (base 10) to base 3
-1022210200120
Convert -1c52a1 (base 15) to base 3.
-2121022222021
1044110 (base 5) to base 12
a967
Convert 31000234 (base 5) to base 7.
2061031
182ac (base 16) to base 4
120022230
What is -1105121155 (base 6) in base 16?
-b71fdf
Convert -43095d (base 14) to base 5.
-1040042031
What is -4a296 (base 12) in base 3?
-12010000220
What is 5516304 (base 7) in base 4?
2211100122
-5151412 (base 7) to base 14
-121109
Convert 4505a (base 12) to base 2.
10110011000000110
Convert 98247 (base 10) to base 15.
1e19c
-31401444 (base 5) to base 4
-1000021131
Convert -1033520 (base 7) to base 13.
-45551
Convert 1108671 (base 12) to base 11.
191a512
30143331 (base 7) to base 9
4626840
-1046931 (base 12) to base 10
-3080629
-24489 (base 14) to base 15
-1b443
1534213 (base 6) to base 11
61994
-313022333 (base 4) to base 14
-5c4d9
What is 7601318 (base 9) in base 14?
78129c
-1471512 (base 9) to base 6
-25243445
What is -8020858 (base 9) in base 4?
-100101112013
What is -480b07 (base 12) in base 15?
-17e807
Convert -33952 (base 15) to base 14.
-43b38
Convert -91980 (base 15) to base 5.
-104224040
Convert 39a124 (base 13) to base 9.
2552865
-232314 (base 8) to base 12
-398b8
Convert -452314 (base 7) to base 15.
-18ad7
Convert -9775 (base 10) to base 14.
-37c3
What is 13301314214 (base 5) in base 7?
262664551
Convert -101101001011111000 (base 2) to base 8.
-551370
-13004033 (base 5) to base 14
-33a58
Convert 2461145 (base 8) to base 4.
2212021211
Convert -888805 (base 12) to base 6.
-114313205
What is -ed623 (base 15) in base 8?
-2700530
What is 36ba74 (base 16) in base 8?
15535164
Convert -1220010133 (base 4) to base 13.
-11c041
-102431 (base 7) to base 14
-6651
What is 1000001000101111011 (base 2) in base 14?
6d243
What is -7954a5 (base 12) in base 13?
-52b029
-1010100011011000111111 (base 2) to base 13
-75b22c
-a57c (base 13) to base 10
-22918
21322220002 (base 4) to base 6
131414214
Convert -203dd (base 14) to base 13.
-29435
Convert -6466600 (base 7) to base 12.
-321134
What is 1252322 (base 8) in base 4?
1111103102
Convert -22013012120 (base 4) to base 2.
-1010000111000110011000
Convert -556533 (base 8) to base 6.
-4005055
Convert -5244166 (base 7) to base 12.
-266344
What is -42523331 (base 6) in base 9?
-2322851
What is -512637 (base 8) in base 11?
-106288
What is 12db0 (base 15) in base 3?
10001221110
-28a82a (base 13) to base 2
-11110010110010000000
-234cc (base 15) to base 10
-112467
What is -555273 (base 9) in base 7?
-2551464
-1b2132 (base 13) to base 2
-10101000011110010100
Convert 10100001011101100100001 (base 2) to base 13.
1133256
What is 314010453 (base 6) in base 9?
11323016
What is -15413 (base 9) in base 16?
-292e
22142021 (base 5) to base 15
3c476
-1700118 (base 9) to base 8
-3465362
200112011 (base 4) to base 3
20201201212
What is 10220112 (base 3) in base 5?
42344
What is b38223 (base 14) in base 16?
5c5f37
What is -6a2579 (base 12) in base 16?
-1a02ad
What is 1